/(-4). Let r = l + -4. Suppose r = -3*d - d + 28. Is d prime?
True
Suppose -2*h + 15 = h. Suppose 4*g = -g - h*n + 170, -3*g + 120 = -3*n. Is g a prime number?
True
Let k(i) = 4*i**3 + 6*i**2 - 5*i - 1. Is k(4) a composite number?
False
Let k(l) = 11*l**3 + 1 + 0 - 10*l**3 - 3*l + 3*l**2. Is k(6) a prime number?
True
Let w(y) = -132*y**3 + 2*y**2 - 3*y - 4. Is w(-3) a composite number?
True
Let s = 10 + 8. Suppose 6*g = 2*g + 5*f + 28, 0 = -5*g + 2*f + s. Is 0 + 1 + 19 + g a composite number?
True
Let x be 0 + 6 + -2 + 0. Suppose 2*l = x*l - 4. Suppose l*a - 3*a = -97. Is a a prime number?
True
Suppose 4 = 3*h - 8. Suppose -h*i + 5*i - 3 = 0. Suppose -i*c - 3*l - 2*l + 266 = 0, 177 = 2*c + 3*l. Is c a composite number?
True
Let b = 128 + 11. Suppose 0 = -5*q - 25, -2*s = -2*q - 193 - b. Suppose 2*l = 3*l - s. Is l composite?
True
Let h = -1426 - -2059. Suppose 2*k + k - h = 0. Is k a composite number?
False
Let y = 276 + -145. Is y a composite number?
False
Let j(s) = 6*s + 319. Is j(0) prime?
False
Suppose -520 = 4*a - 4*r + 752, -3*a - 964 = 2*r. Let b = -61 - a. Is b composite?
True
Suppose -3*p = -10 + 4. Let a(v) = -v + 2. Let x be a(p). Suppose 4*z = 2*t - 170, 2*t - z - 2*z - 167 = x. Is t prime?
True
Let p = 6 + 0. Is ((-14)/(-3))/(p/9) prime?
True
Let p = -172 - -255. Is p a prime number?
True
Let s(v) be the second derivative of v**6/72 + v**5/60 - v**4/24 - v**3/6 + v. Let y(z) be the second derivative of s(z). Is y(4) a prime number?
False
Let l(c) = -c**3 - 17*c**2 - 27*c + 19. Is l(-20) prime?
True
Let j = -147 - -310. Is j prime?
True
Let z = -170 - -283. Is z a prime number?
True
Let p(v) = v**3 + 4*v**2 + 3. Let o be p(-4). Suppose -27 = o*n + 78. Is (-10)/n - 257/(-7) a prime number?
True
Suppose -6 + 57 = k. Is k a composite number?
True
Let t = -51 - -574. Is t prime?
True
Let h be (-6)/10 - 76/(-10). Let x(v) = -v**2 + 8*v + 8. Is x(h) a prime number?
False
Is 4*-1 - (-330)/2 a prime number?
False
Let h be 6 + ((-1)/1 - 1). Suppose -1 = -h*m - j + 96, -5*m + 140 = -5*j. Is 6/(-10) + 2890/m prime?
False
Suppose -46 = -2*q - 4*t + 74, 0 = 5*q - 2*t - 288. Is q a prime number?
False
Let m be 56/(-10)*(12 - 127). Suppose 4*v - 2*t - m = 0, 6*t - 2*t = -5*v + 831. Is v a prime number?
True
Let l(s) = -s + 1. Let u be l(0). Is 3 - (-395 + u - 0) prime?
True
Let t be (4 + -1)*(-4)/(-6). Let m be -2 + (-3)/(-1) + 1. Is t/4 + 19/m prime?
False
Let q = 389 - -80. Is q a composite number?
True
Suppose 2*g = 4*a - 24, 3*a = g + 3*g + 28. Suppose -a*s + 83 = -101. Is s a prime number?
False
Let d(r) = r**2 + r + 115. Let n = 4 - 4. Let u be d(n). Suppose -m = -6*m + u. Is m a composite number?
False
Let t = 50 - 32. Let r(p) = -p**3 + 3*p**2 - 5*p - 6. Let i be r(7). Is (12/t)/((-2)/i) composite?
False
Let b = -194 + 451. Is b prime?
True
Let j(z) = 33*z - 4. Let x be j(6). Is x + 2 + -3 + 1 composite?
True
Let h(b) = b**2 + b - 2. Let y be h(2). Suppose y*c = 3*a - 6*a + 4, 4*c - 4*a = 4. Let o(d) = 14*d. Is o(c) a composite number?
True
Let b(u) = 71*u - 2. Is b(3) composite?
False
Let y(v) = 11*v**2 + 5*v + 1. Is y(-5) composite?
False
Let t = -98 - -149. Is t a prime number?
False
Suppose -6035 = -4*b + 5241. Is b prime?
True
Let b(p) = 4*p**2 - 1. Let y(n) = 5*n**2 - n - 2. Let o(l) = 6*b(l) - 5*y(l). Let v be o(5). Suppose 2*d + 169 = a, v*a - 4*d - 652 = -2*d. Is a prime?
False
Let o be 0*(6/4 + -1). Suppose 3*b - 15 = -3*n, -b - 2*b + 4*n - 6 = o. Is (67/(-2))/((-1)/b) a prime number?
True
Is (0 + -1)*-389 - -2 a composite number?
True
Suppose -2*z = 2*k, 3*k = -z + 2*z - 8. Suppose -z*i + 21 = -17. Is i prime?
True
Suppose g - 3*g = -44. Let s = g + -13. Is s a prime number?
False
Suppose -3*o - 992 = 73. Let q = 286 - o. Is q prime?
True
Suppose -5*z - 3*c = 301, -3*z = -4*c + 6*c + 180. Let p = 99 + z. Let g = -18 + p. Is g a composite number?
False
Let c = 61 - -8. Is c prime?
False
Let w = 1558 + -666. Suppose 3*g = w + 101. Is g composite?
False
Suppose -2*r = 3*r - 25, 2*r = -3*g + 16. Let w be 3/g + 927/6. Let z = 235 - w. Is z a prime number?
True
Suppose v + 5*t = 453, -2*v + 461 = -v - 3*t. Suppose d - 3*d + v = 0. Suppose -26 - d = -5*f. Is f prime?
False
Let d(i) = 28*i + 6. Let p(w) = 9*w + 2. Let m(q) = -5*d(q) + 16*p(q). Is m(5) a composite number?
True
Let x(n) = -7*n**3 + 3*n**2 + 3*n - 6. Let y(d) = -15*d**3 + 5*d**2 + 6*d - 11. Let s(a) = 5*x(a) - 3*y(a). Let i = 2 - 0. Is s(i) composite?
True
Let n(k) = -55*k**3 + k + 1. Let j be n(-1). Suppose -q + 3*t - 31 = 0, -2*q - 1 = -4*t + j. Let h = -7 - q. Is h prime?
False
Let g = 40 - 33. Is g a prime number?
True
Is -970*((-2)/(-6) - 35/42) composite?
True
Is ((-6)/(-12))/((-2)/(-3188)) composite?
False
Let l(d) = 10*d - 1. Let w be l(1). Let o = 16 - w. Is o composite?
False
Let i be 2 - (-6)/(-3) - -45. Let w = i - 24. Suppose -w = -q + 4. Is q a prime number?
False
Let d(x) be the first derivative of x**4/4 - x**3 - 2*x**2 + 5*x - 1. Let q = 6 + 0. Is d(q) a prime number?
True
Let p = -1052 + 498. Let f be (-3)/12 - p/8. Suppose -4*c = -c - f. Is c a prime number?
True
Let k(u) = 80*u + 1. Is k(4) composite?
True
Let n = 3 - 0. Let w be (158/n)/(4/6). Let k = w + -44. Is k a prime number?
False
Let v be (-5022)/26 + (-12)/(-78). Let p = v - -280. Is p composite?
True
Let m = -2044 - -3551. Is m prime?
False
Suppose 4*u - 3*o = -15, 7*o - 3*o = -4*u - 8. Let r = u - -3. Suppose -3*d + 76 + 29 = r. Is d a prime number?
False
Suppose o = -h + 44, -4*o + 3*h + 166 = 5*h. Let v = -2 + o. Is v composite?
False
Let i = 16 + 147. Is i a composite number?
False
Suppose 5*d = -3*n + 23, 3*d - 3 = 3*n + 6. Suppose 35 = d*q - 21. Is q a composite number?
True
Let n = 7 + 120. Is n composite?
False
Suppose -u + 138 = 2*u. Is u composite?
True
Let a = 166 - 3. Is a prime?
True
Let y be 1/(1 - 8/10). Suppose y*h - 5 = 5. Suppose -100 = -h*f - 26. Is f a prime number?
True
Let b(t) = -140*t**3 - 2*t - 7. Is b(-2) composite?
False
Let r(l) = 106*l - 1. Is r(2) a prime number?
True
Let a(p) = p**2 + p + 262. Let y be a(0). Suppose 3*r - 67 - 920 = 0. Suppose -r = -5*s - x + 5*x, 4*s - y = 2*x. Is s a prime number?
False
Let q be 12/(-18) - (-14)/3. Let c(s) = s. Let m be c(4). Suppose f = q*n + 203, f - 2*n = -m*n + 185. Is f a composite number?
False
Suppose 0 = 5*f - 0*f - 4535. Is f a composite number?
False
Let i = 416 - 202. Is i a prime number?
False
Let b(h) = -2*h**3 - 3*h**2 - 2*h + 2. Suppose 0 = 2*n + 4*s, 4*n - 2*s - 29 = -9. Suppose a + n = -a. Is b(a) a prime number?
False
Let s = 441 - -398. Is s composite?
False
Suppose y = -5*m + 3*m + 3122, -m - 4*y + 1575 = 0. Is m a prime number?
True
Let t = 10 + -6. Suppose -c = -k + 81 + 7, 0 = k + t*c - 93. Is k composite?
False
Suppose 1097 = 5*p + 7*s - 4*s, 4*s = 3*p - 635. Is p prime?
False
Suppose -3*q - 853 = -2614. Is q composite?
False
Let x = -88 + 165. Suppose -5*k + 4*k + x = 0. Is k composite?
True
Let u(w) = 15*w**2 + 6*w + 10. Is u(-5) composite?
True
Let t(z) = 37*z**2 - 11*z + 23. Is t(7) a composite number?
False
Let i(f) = f**2 + f**3 + 6*f - 2 - 2*f**2 - 5*f**2. Let z be i(5). Suppose 8*v - z*v - 15 = 0. Is v composite?
False
Suppose 0 = 5*r + 2*z - 661, -8*z + 7*z + 3 = 0. Is r prime?
True
Suppose -k = 6*g - 3*g - 800, 3*k - 2379 = -2*g. Is k a prime number?
False
Let w(r) be the second derivative of -7*r**5/20 - r**3/6 + r**2/2 + 2*r. Let s be w(1). Let t = 8 - s. Is t a composite number?
True
Is (-2 - 140/(-77)) + 28371/11 prime?
True
Suppose g - 3*y - 2863 = 0, 0 = 2*g - g + 3*y - 2863. Is g prime?
False
Is (-2 - (-5)/2)/(6/14556) composite?
False
Suppose 5*r = 2*r - 42. Let w be r/49 - (-32)/14. Suppose -5*x - 7 + 27 = 0, 404 = 4*a - w*x. Is a composite?
False
Let j = 835 + 84. Is j composite?
False
Suppose -2*z = -3*h + 911, -5*z + 67 = -h + 388. Is h a composite number?
True
Let t = 2 - -235. Is t a composite number?
True
Suppose -5*n = 0, 3*n - 5348 = -4*h + 7*n. Is h prime?
False
Let n = -7 - -13. Suppose n*r - 50 = 3*r - 4*b, 0 = -5*r + 4*b + 30. Is r a prime number?
False
Suppose -m + 329 = -244. Is m a prime number?
False
Let v be (2 - 4/2) + 3. Let y(h) = -132*h + 7. Let c(w) = -66*w + 4. Let k(n) = v*y(n) - 5*c(n). Is k(-1) composite?
False
Suppose 120 = h - 150. Let n = h - 191. I